 - 3. Let o(x) = -4*f(x) - 3*w(x). What is o(-6)?
6
Let b(s) = s**3 - s. Let c(w) = -3*w**3 + 5*w**2 + 2*w + 7. Let y(f) = -2*b(f) - c(f). Determine y(5).
-7
Let z be 6/4*(-17)/(68/24). Let r(q) = -q**3 - 10*q**2 - 11*q - 3. Determine r(z).
15
Let s(j) = -3*j**2 + 3*j + 8. Let q(w) = 4*w**2 - 4*w - 12. Let p(l) = 5*q(l) + 7*s(l). Determine p(-3).
-16
Let m(g) = g**2 + 12*g - 4. Let c(v) = -v**2 - 11*v + 3. Suppose -3*u + o = u + 24, -3*u - 18 = -2*o. Let n(x) = u*c(x) - 5*m(x). Calculate n(-4).
-6
Let x be 6/4 + 78/(-12). Let i(t) = 3*t + 1. What is i(x)?
-14
Let p(v) = v**2 + 5*v + 3. Let k be 5 + 2*-1 + 0. Suppose 2 + 1 = k*g. Let c be (g + 5/(-2))*2. Calculate p(c).
-3
Let q(k) = k**2 - 6. Suppose 3*s = 2*b - 0*b - 28, 31 = -s + 5*b. Let h be s - -5 - (-1 + 0). What is q(h)?
-6
Let v(r) = -2*r + 12*r**2 - 4*r**2 + 2*r. Let n(j) = 55*j**2. Let s(t) = -t**2 - 5*t - 3. Let y be s(-3). Let m(a) = y*n(a) - 20*v(a). What is m(1)?
5
Let d(m) = 19*m + 1 - 12 - 18*m. Let t be -2*5/2*-1. What is d(t)?
-6
Let u(j) = -3*j + 1. Let d be u(-1). Suppose -d*l = -0*l - 20. Let x(z) = -z**2 + 5*z - 7. Calculate x(l).
-7
Let l(z) = 0 + 1 + z**2 - 6*z + 5*z. Let n(h) = 3*h**2 - 2*h - 1. Let r be n(-1). Let m = -1 + r. Determine l(m).
7
Let b(h) = -h**3 + 13*h**2 + 15*h - 16. Let i be b(14). Let k(w) = -2 + 3*w - 3*w + w. Calculate k(i).
-4
Let g(j) = -7 + 3*j + 7 - j. Determine g(-5).
-10
Let n(g) = 10*g**2 + 0*g**2 - 6*g + 7*g. Determine n(-1).
9
Let l be (1/2)/(2/8). Suppose -2*m = -4*t + m + 11, 5*m - 3 = -4*t. Let q(b) = -4*b**2 + 7*b**t - l*b**2 - 3. What is q(0)?
-3
Let l(y) = -y**2 - 2*y + 4. Let a(t) = t**3 - 10*t**2 + 8*t + 12. Let z be a(9). Let w be 5*3/6*2. Suppose w = -k - 2*h - 0, -6 = k + z*h. What is l(k)?
1
Suppose 16 = -3*s + 43. Let g be 3/s + 4/6. Let n(u) = u + 1. Determine n(g).
2
Let q(f) = -f**3 + f**2 - 2*f - 9. Let m(a) = -a**3 - 3*a - 10. Let o(g) = -4*m(g) + 5*q(g). Let z be 0/((-3)/3*1). Let l be (5*1)/(z - -1). What is o(l)?
5
Let f(o) be the third derivative of -o**4/24 - 4*o**3/3 + o**2. Suppose 2*r - 3*r + 4 = 0. Let n be (4 - r)/(-1 + -1). Determine f(n).
-8
Let u(a) = -8*a**3 + 8*a**2 - 3*a + 2. Let r(f) = 23*f**3 - 23*f**2 + 9*f - 6. Let d(k) = 6*r(k) + 17*u(k). Determine d(2).
12
Let x(j) = 2*j + 1. Suppose 5*l + 5*t = t - 3, 0 = -4*l - 3*t - 2. Let f = -4 - -3. Let m be 0 - f*(4 - l). Calculate x(m).
7
Let o(z) = 4*z - 1. Let s = 11 - 2. Suppose 5*l + s = 4. What is o(l)?
-5
Let k(q) be the first derivative of q**3/3 - 2*q**2 + 4*q + 5. What is k(4)?
4
Suppose -29*z - 1 = -28*z. Let w(d) = d**3 + d**2 - d. Calculate w(z).
1
Let w(c) = 2*c + 0*c - c**2 - 4 - c**3 + 3*c**2. Let o(r) = 2 + r - 5 + 0. Let j be o(6). What is w(j)?
-7
Let h(x) = -5*x + 1. Let q(k) = 2*k - k**2 - 3 - 1 + 7 + 2*k. Let v be q(4). What is h(v)?
-14
Let n(i) = 2*i**2 - 3*i + 2. Let l be (-2 - 2*-3) + -2. What is n(l)?
4
Let j(s) = -s**3 + 1. Let x(i) = -i**2 + i + 6. Let v be x(3). Let g be (0 + v)*(-10)/20. Determine j(g).
1
Let i(n) = -n**2 + 3*n. Suppose -2*b + 25 = -5. Let f = b - 7. Let p be 36/f + (-1)/2. Calculate i(p).
-4
Suppose -y + 4*g + 2 = 0, -4*y - y = -2*g + 8. Let o be y - (2/(-1) + 2). Let x(z) = 2*z**2 + 2*z + 2. What is x(o)?
6
Let x(w) = -3*w**2 - 4 - 4*w**2 + 5*w + w**2 + 4*w**2. Give x(4).
-16
Suppose -g = -0*g. Let m(k) be the first derivative of -k**5/20 - k**3/6 + 2*k**2 + 2*k + 2. Let a(t) be the first derivative of m(t). Give a(g).
4
Let v be (-13)/(-52) + 47/4. Let r be (v/14)/(4/(-28)). Let a(u) be the first derivative of -u**2/2 - u + 1. Give a(r).
5
Let a(p) = -p - 1. Let b be -1*15*(-22)/33. Let u(r) = -12*r - 14. Let v(d) = b*a(d) - u(d). Calculate v(-4).
-4
Let j(d) be the third derivative of -d**4/24 + 4*d**3/3 + d**2. What is j(0)?
8
Let a(z) = -3*z + 4*z - 1 - 2 + 0 - z**2. Let r(p) = p**2 + 4*p - 3. Let d be r(-4). Let x = 3 + d. What is a(x)?
-3
Suppose -a - 6 = a. Let x be (-4)/(a/(-6)*-2). Let k be (-2)/4 + 10/x. Let n(m) = -m**3 + 4*m**2 - 2*m + 3. What is n(k)?
7
Let j(k) = -9*k**3 + 2*k**2 - 1. Let q be 0*(-5 - -2)/3. Suppose q = 2*h - o + 13 + 1, 4*o = h + 7. Let u(c) = c**2 + 8*c + 8. Let v be u(h). Determine j(v).
-8
Let a(r) = -7*r**3 - 11*r**2 + 6*r + 4. Let y(v) = 6*v**3 + 11*v**2 - 7*v - 4. Let s(i) = -5*a(i) - 6*y(i). What is s(-12)?
4
Let u(r) = -1 - 10*r - 8*r - 6*r + 26*r. Give u(-5).
-11
Let z = -20 - -119. Let x be (-62)/(-22) - (-18)/z. Let n(b) = 0*b**2 + 5*b + b**2 + 6 + 2 - x. Calculate n(-5).
5
Let k(q) be the second derivative of q**5/20 + q**4/4 - q**3/2 + 3*q**2/2 + 2*q. What is k(-4)?
-1
Let d be 2*(6/(-4))/(-1). Let f(x) = 6 + 6*x - d*x - x - x. Give f(-4).
2
Let g(l) = l + 2 + 2*l - 2*l - 3*l. Let q = 2 - 4. Let r = q + 0. Calculate g(r).
6
Let k(w) be the second derivative of -w**5/20 + w**4/4 - w**3/6 - 2*w**2 + 3*w. Suppose 0*p - 15 = -5*p. Give k(p).
-7
Let y(r) = -2*r**2 - r - 1. Let t(c) = 4*c**2 + c. Let h be t(-1). Let m be (-2)/h*6/4. Calculate y(m).
-2
Let x(m) = 3*m**2 + m - 2*m - 4*m**2 + 4. Let u(v) = -v**3 + 2*v**2 - 2*v + 1. Let a be u(1). Give x(a).
4
Let d(z) = -2*z + 1. Let m(s) = 1 + 6*s + s - 15*s + 7*s. Let y(g) = -2*d(g) + 5*m(g). Give y(-4).
7
Let a(j) = 2*j**2 + j + 2. Let s(r) = -4*r**2 - r - 4. Let t(u) = -5*a(u) - 3*s(u). Let n be (4/6)/(2/6). What is t(n)?
6
Let j(d) = 2*d**2 + 3*d + 1. Suppose 3*o + 3*u - 3 = 4*o, 5*o + 15 = 2*u. What is j(o)?
10
Let o(w) = 8*w**3 - 3 + 4 - w + 4 - 6 + w**2. What is o(-1)?
-7
Let c = -5 - -8. Let o(f) be the first derivative of -f**6/360 + f**5/40 - f**4/12 - 4*f**3/3 - 4. Let g(n) be the third derivative of o(n). Calculate g(c).
-2
Let t(y) = -5 + 7*y**3 - y + 4 + 0*y. Let q(n) = -2*n - 5. Let p be q(-2). Calculate t(p).
-7
Suppose 0 = 3*s - 0*s - 18. Let f(j) = -2*j**2 + 1 - 5*j**2 - 2 + 2*j**2 + s*j - j**3. Determine f(-6).
-1
Let b = 9 + -1. Let u(g) be the second derivative of -g**3/6 + 4*g**2 - 12*g. Give u(b).
0
Let w be (-35)/20 + 1/(-4). Let n be ((5 - 1)/w)/1. Let b(m) = 2*m. Determine b(n).
-4
Let s(d) = -1 + 3*d**2 + 0 + 0 + 5*d**3 + 2 - 3*d. Let k(w) = w**3 - w**2 + w - 1. Let t(g) = 2*k(g) + s(g). Calculate t(-1).
-6
Suppose 2*k - 6 = -k. Let p(l) = 2*l**3 + 0*l + l - l**3 + 4 + 6*l**k. What is p(-6)?
-2
Let b(o) = 2 - o - 2 + 0*o - 2. Suppose 4*y - y = 6. What is b(y)?
-4
Let c(s) = -6*s. Suppose -u - u + 24 = 2*w, 0 = 5*w - 2*u - 53. Suppose 0*m - 3*m - l = 0, -5*l = 4*m - w. Determine c(m).
6
Let k = -64 + 61. Let n(m) = 19*m + 2. Let z(w) = -29*w - 3. Let r(t) = 8*n(t) + 5*z(t). Let x(s) = -6*s - 1. Let d(c) = -4*r(c) - 5*x(c). Give d(k).
-5
Let w(y) = y**3 - 1. Suppose 0*k - 2*m - 4 = 4*k, -2*m = k - 5. Suppose 2*x = x - 4. Let i = x - k. Calculate w(i).
-2
Let b = 13/8 - 9/8. Let s(z) be the second derivative of -1/6*z**4 - 3/20*z**5 - 2*z + 0 + b*z**2 + 0*z**3. What is s(-1)?
2
Let m(u) = 11*u - u - 3*u. Suppose 4*q = 0, 4*i + 5 = q - 11. Let j = -3 - i. Give m(j).
7
Let h(n) = 4*n**3 - 16 + 7 - 5*n**3. What is h(0)?
-9
Suppose -4*y - 3 = -5*y. Let p(g) = 3 + 0 + 2*g - g. Calculate p(y).
6
Let i(u) = 3*u - 3. Let b(g) = g**3 + 6*g**2 + g - 6. Let l be b(-5). Suppose f = -3*o + l + 12, 0 = o + 4*f - 27. Suppose o = 4*k - 1. Give i(k).
3
Suppose 0 = -8*g + 6*g. Let v(c) = -c**3 + 1. What is v(g)?
1
Let f(g) = 11*g - 4. Let d(h) be the first derivative of 6*h**2 - 5*h + 2. Let p(u) = 4*d(u) - 5*f(u). Determine p(1).
-7
Let d(p) = -p**2 + 4*p + 12. Suppose 0*r + 40 = 4*r - 4*i, 3*r - 10 = -2*i. Give d(r).
0
Let g(i) = -3*i. Let d be (-1 - -3)*((-12)/(-4) + -4). What is g(d)?
6
Let l(o) be the third derivative of -o**6/24 - o**5/60 + o**4/12 - o**3/6 - 13*o**2. Let n(j) = j**3 + 1. Let x be n(0). Determine l(x).
-5
Let n(u) = -u**3 + 4. Let j(w) = 2*w**3 + w**2 - w - 9. Suppose 4*q = -16, -3*o - q = -7*o + 40. Let v(t) = o*n(t) + 4*j(t). Determine v(3).
-3
Let g(i) be the third derivative of i**6/120 + i**5/60 - i**4/24 - 23*i**3/6 - 49*i**2. Determine g(0).
-23
Let y(k) be the first derivative of k**2 - 4/3*k**3 + 1/4*k**4 + k + 1. Let d be -1 + 6 - (4 - 2). Determine y(d).
-2
Let m(z) be the first derivative of 5*z**3/3 - z - 17. What is m(-1)?
4
Let x be (1 - 0)*(-63)/(-9). Let n(g) = g**2 - 7*g - 1. Determine n(x).
-1
Suppose -h = 5*v + 2, -5*v - 3*h + 2 = -2. Let l(q) = 15*q - 4*q**2 - 15*q. Give